 = s**2 + s - 3. Let w(t) = 3*t**3 - t**2 + t. Let i be w(1). Let n be g(i). Suppose -5 = -c + n. What is the units digit of c?
4
Suppose -l = -3*p - 11, -2*p + 0*p = 5*l - 4. What is the tens digit of (-14)/3*(-9)/l?
2
Suppose k = -k + 4. Suppose -3*p = -2*c + 13, -4*p + 5 = c - 7. Suppose -c = -3*v + k*v. What is the units digit of v?
8
Let n be ((-10)/(-6))/((-2)/12). Let u be 29 + (-7)/((-7)/(-4)). Let f = u + n. What is the tens digit of f?
1
Let t = 29 + -52. Let h = -15 - t. What is the units digit of h?
8
Suppose 2*g = 4 - 0. What is the tens digit of 0 - (g - -1 - 45)?
4
Let g(z) = z**2 - 7*z - 7. Let m be g(-4). Let r = m + -15. What is the units digit of r?
2
Let p = 164 + -68. Suppose h + 2*h = p. What is the units digit of h?
2
What is the tens digit of ((-30)/(-4))/(7/28)?
3
Let h = -312 - -463. What is the tens digit of h?
5
Suppose -g - 2 = -1. Let x(u) be the third derivative of -u**4/8 + u**2. What is the units digit of x(g)?
3
Suppose 0 = -2*b - 3*m - 6, -3 = -5*b - 2*m - 18. Let w = -3 - b. Suppose -5*k + o + o = -15, -3*k + 4*o + 23 = w. What is the units digit of k?
1
Let j(i) = i**3 + 8*i**2 - 9*i - 3. Let h be j(-9). What is the units digit of (h - (4 + -3)) + 55?
1
Let x be (0 + -2)*1 + 72. Suppose 2*m = -0*s + 3*s - x, -s - 2*m + 34 = 0. What is the units digit of s?
6
Let m = -24 + 40. What is the tens digit of m?
1
Suppose -5*m + 10*m - 455 = 0. What is the tens digit of m?
9
Let n(r) = -r**2 + 2*r + 1. Let d be n(-3). Suppose -4*x + 22 = -2*l, 5*x = 2*x - 4*l. What is the units digit of x/d - 44/(-7)?
6
Let x(n) = 2*n - 7. Let s be x(5). Suppose 16 = s*f - 2. What is the units digit of f?
6
Suppose 4*w = -r + 7*w + 117, 5*r - 3*w - 525 = 0. What is the tens digit of r?
0
Let w(m) = m**3 + 4*m**2 - 3*m. Let k be w(-5). Let i = 26 + k. What is the tens digit of i?
1
Suppose 3*n + 16 = -11. Let b = n + 5. What is the units digit of 10*(10/b)/(-5)?
5
Let g = 70 - 30. What is the units digit of g?
0
Let p(q) = 8*q + 83. What is the tens digit of p(24)?
7
Suppose -3*h + h = -4*f - 310, 0 = 4*h - 4*f - 640. What is the tens digit of h?
6
Suppose 0 = 2*z + z + 6. Let k(d) = -2*d - 3. What is the units digit of k(z)?
1
Suppose q - 4*f = -4*q - 195, -f + 75 = -2*q. Let z = -16 - q. What is the units digit of z?
9
What is the tens digit of (1032/(-60))/((-2)/10)?
8
Suppose 0*y = 4*y. Let s = -11 - y. Let o(g) = -g**3 - 11*g**2 + g + 12. What is the units digit of o(s)?
1
Let p(s) = -s**2 - s - 12. Suppose -a + 5*j = -15, -2*a = 3*a + 3*j + 9. Let y be p(a). Let v = -7 - y. What is the units digit of v?
5
Suppose -54*l = -49*l - 720. What is the units digit of l?
4
What is the units digit of (-5038)/(-55) - (-3)/(-5)?
1
Suppose 3*h + 2*h = 25. Suppose -3*m = -10 - h. Suppose m*p = 10, 0 = -3*d + 5*p + 5. What is the units digit of d?
5
What is the tens digit of (-305)/(-10) + (-9)/(-6)?
3
Suppose 0 = -224*v + 219*v + 355. What is the tens digit of v?
7
Suppose 2*i + p = -2*i - 43, 3*i = -5*p - 11. What is the units digit of (-8)/i - (-19)/3?
7
What is the tens digit of 10*((-88)/20)/(4/(-5))?
5
Suppose 20 = 2*t - 64. Let w = -21 + t. What is the tens digit of w?
2
Suppose 0 = -2*s + 3*d + d, s - 4*d = -6. Suppose f - s*f - 165 = 0. Let m = f - -48. What is the tens digit of m?
1
Let a = -7 - -11. Suppose 38 = -3*q - a. Let i = q + 23. What is the units digit of i?
9
Let v(x) be the second derivative of 2/3*x**4 + 0 - x - 1/20*x**5 - 5/2*x**2 - x**3. What is the units digit of v(7)?
2
Let r be -2*(-2 - (-1 + 0)). Suppose -f + 33 = r*f. What is the units digit of f?
1
Let a(d) = 6*d + 3. What is the tens digit of a(5)?
3
Let l(b) = 11*b + 1. What is the tens digit of l(1)?
1
Suppose -6 = -5*q + 3*q. What is the units digit of 32/48*(q - 0)?
2
Let n = 3 + 1. Suppose n*s = -4*j + 28, s + 4*j + 0 = -2. What is the units digit of s?
0
Let o(g) be the second derivative of -1/6*g**3 + 1/20*g**5 + 2*g + 1/3*g**4 + 0 + 2*g**2. What is the units digit of o(-4)?
8
Let m(r) = -8*r + 6. Let p be 13/2 + 2/(-4). Let n be m(p). What is the units digit of (4/6)/((-4)/n)?
7
Let m be (-1)/3 - (-80)/15. Suppose -m*i + 2*i + 6 = 0. What is the units digit of i?
2
Let s = 816 - 567. What is the tens digit of s?
4
Suppose -10*n = -12*n + 20. What is the tens digit of n?
1
Let c be (0/(-3) - 0)/1. Suppose 0 = -3*k - j + 70, -4*k + j + 91 = -c*j. Suppose 15 + k = 2*g + 4*v, 2*v - 71 = -5*g. What is the tens digit of g?
1
Let s(i) = i**2 - 5*i + 3. Let b be s(5). Let u(n) = -n**b + 6 - n - n**2 + 2 - 3. What is the units digit of u(0)?
5
Let y(q) = -3*q. Let g be y(-8). Suppose -u + g = 2*u. What is the units digit of u?
8
Suppose 0*w - 72 = -3*w. Suppose 16 + w = i. Suppose 3*s + 10 = i. What is the units digit of s?
0
Let w(p) = -p + 5. Let b = -7 + 10. Let s(f) = -f**2 + 4*f + 1. Let d be s(b). What is the units digit of w(d)?
1
Suppose 2*d + 3*l - 58 = -15, -l = 4*d - 71. Suppose 1 = 4*w - 2*z - d, -3*w + 2*z + 14 = 0. What is the units digit of w?
4
Let w be 250/3 + (-4)/(-6). Suppose -5*o - 117 = -3*x, -w = -5*x + 4*o + 98. What is the tens digit of x?
3
Let x = -115 - -184. What is the units digit of x?
9
Suppose -4*s + 60 = -64. What is the tens digit of s?
3
Let r = -79 + 183. What is the tens digit of r?
0
Let p(s) = 2*s**2 - 6*s - 2. What is the tens digit of p(6)?
3
Let u(i) = -i**3 - 11*i**2 + 2*i + 17. Let j be u(-12). Suppose 0 = 5*c + 2*f - 232, 4*c = c + f + j. What is the units digit of c?
6
Let h(t) be the second derivative of t**4/12 - 2*t**3/3 + 3*t**2/2 - t. Let y(j) = 3*j + 2. Let b be y(1). What is the units digit of h(b)?
8
What is the units digit of (1 - 0)*7 - -3?
0
Suppose 0 = 3*t - f - 549, 10*t + f - 725 = 6*t. What is the units digit of t?
2
Let a be (29/(-4))/((-6)/24). Suppose 2*j + 6 = 0, -3*h + a = h + 5*j. What is the tens digit of h?
1
Let b(c) = 31*c**3 - 2*c + 0*c**2 - 26*c**3 - c**2. What is the units digit of b(2)?
2
Let r = 353 - 241. What is the tens digit of r?
1
Suppose 5*m - 247 = 78. What is the tens digit of m?
6
Let q be (-1*6)/(4/22). Let h = -3 - q. What is the units digit of h?
0
Let k = -2 + 2. What is the tens digit of k/3 + 15/1?
1
Let v(o) = -o**3 + 6*o**2 - 6*o. Let g be v(5). Let t = g - -7. What is the units digit of t?
2
Let m be 4 + -1 - 1*2. Let k = 6 - m. Suppose -k = -c - 0. What is the units digit of c?
5
Suppose -4*t - 5*j = -11, 0*t - 3*j - 33 = -2*t. Suppose 0*p = 4*p + 20, -p = 4*a + t. What is the units digit of 21 + a + 7/(-7)?
9
Suppose 0*g + 2*g = -5*y + 173, 0 = 5*y - 2*g - 157. What is the tens digit of y?
3
Suppose -y - 12 = 3*i, 4*i = -3*y - 11 - 10. Suppose -9*s + 12*s = -21. Let j = y - s. What is the units digit of j?
4
Let c be (1/(-2))/((-3)/18). Let i(n) = -n**c + 3 + 1 + 4*n**2 + 0*n**2 - 7 + 2*n. What is the units digit of i(4)?
5
Let o be -5*1/(15/(-42)). Suppose -o = -4*w + 3*w. What is the tens digit of w?
1
Let d be -4 - 6/(-2) - -7. Let f(b) = 3 - d*b - 4*b + 3*b - 4. What is the units digit of f(-1)?
6
Suppose -3*m - 2*m + 10 = 0. Let v = m + 0. Suppose b - 16 = -4*p, -2 + 6 = b - v*p. What is the units digit of b?
8
Let d be 21/(-9) + 2/6. Let u = d - -4. What is the units digit of u?
2
Suppose -2*r + 102 = 4*b, 18 = r - 4*b - 9. What is the tens digit of r?
4
Let s(p) = -3*p. Let l be s(1). Let a = 5 + l. Suppose 5*w - 5*n = 50, -a = w - n + 6*n. What is the units digit of w?
8
Let h(v) = -v**3 + 14*v**2 - 5*v + 16. What is the units digit of h(12)?
4
Suppose 0 = 5*b + q + 9, 5*b + 2*q + 7 = -q. Let j be 1/(((-3)/(-11))/3). Let v = b + j. What is the units digit of v?
9
Let m(z) = -2*z + 9. Let y = -26 + 36. Let u be m(y). Let w = -7 - u. What is the units digit of w?
4
Let v(j) = 5*j - 4. Let w(c) = -c - 7 + 10*c + 0*c. Let p(f) = -7*v(f) + 4*w(f). What is the units digit of p(4)?
4
Suppose -2*z = -3*h + z + 240, 4*h - z = 314. What is the units digit of h?
8
Let r(u) be the second derivative of -u**5/60 + 11*u**4/24 - 5*u**3/3 + u**2 + 2*u. Let l(m) be the first derivative of r(m). What is the units digit of l(9)?
8
Suppose -83 - 97 = -3*c. Suppose 3*b + c = 3*n, -4*b = -b. What is the tens digit of n?
2
Let o = 4 - 1. Suppose -3*t - 5 - 2 = 2*h, 0 = -2*t - 10. Let q = h + o. What is the units digit of q?
7
Suppose 3*k = 6*k. Suppose 3*v - 1 - 26 = k. Wha